+ 7. Let m(r) = -5*d(r) - 6*h(r). Calculate m(-4).
-2
Let x(o) = 10*o**2 + o. Let f be ((-22)/(-66))/(2/18). Suppose 4*v - h - 4*h = -1, -f*v + 6 = 3*h. Give x(v).
11
Let f(d) be the third derivative of -d**2 + 0*d + 0 + 2/3*d**3 + 1/24*d**4. Let b = -123 - -118. Give f(b).
-1
Suppose -2*p + 10 = 0, 0*d + 16 = -d + 4*p. Let x(f) = d*f - 4*f - f + 1 + 0 + 4*f**2 - f**3. Calculate x(3).
7
Let g(u) = u**2 + u - 2. Let c be g(-2). Let d be 1 + (c + -1)/(-1). Let o(f) = -4*f**2 + 1 - 5*f + 3*f - f**d. Calculate o(1).
-6
Let w(l) = l**3 - 22*l**2 + 10*l + 10. Let b(v) = -v**3 + 19*v**2 - 9*v - 9. Let o(u) = -6*b(u) - 5*w(u). Determine o(4).
20
Let s(t) = -130*t - 5. Let u(o) = 79*o + 3. Let i(a) = -3*s(a) - 5*u(a). Suppose 0 = -4*f + 1 - 9. What is i(f)?
10
Let z(a) = a**3 + 4*a**2 - a - 3. Let b be z(-3). Let g(i) = b - 7 + 23*i - 5*i**2 - 22*i. Calculate g(2).
-16
Let v(h) = h**2 + 5*h - 1. Let g = 41 + -46. Give v(g).
-1
Let r(k) be the third derivative of -k**6/120 - k**5/12 + k**4/24 + 2*k**3/3 - 3*k**2. Let c be r(-5). Let h be 2/c - (8 - 7). Let p(w) = w - 3. Determine p(h).
-6
Let y(m) = -3*m + 5*m**2 - 2*m**2 + 1327 - 1334. What is y(4)?
29
Let y(g) = 2 + 0*g**3 + 0*g - 8*g**2 + 7*g + g**3. Let b be 1*-6 - (-74 - -61). What is y(b)?
2
Let y(s) = -s**3 + 6*s**2 + 5*s + 1. Let p = -695 - -702. Give y(p).
-13
Suppose -5*f + 8 = -4*l, -3*f - 6 + 21 = l. Let v(u) = 2*u**l + 38*u - 40*u - 1 + 0*u**3 - 2*u**2. Give v(-1).
-3
Let j(u) = -16*u - 18*u - 16*u - 17*u + 68*u. Calculate j(5).
5
Let f(z) = z + 26. Let w be f(-17). Let g(x) = x**2 - 7*x - 13. Let u be g(w). Let c(m) = -3*m + 1. Calculate c(u).
-14
Let u be (-8)/20*1045/38. Let x(c) = -c**2 - 13*c - 22. Determine x(u).
0
Let z = -1022 + 1021. Let a(f) = -6*f**3 - 3*f**2 - f - 4. Let g(k) = -k**3 + k**2 + 1. Let x(r) = -a(r) - 3*g(r). Determine x(z).
-9
Let y(z) be the first derivative of 3*z**2/2 - 2*z + 49. Determine y(2).
4
Let r(y) = y**3 - 13*y**2 - 14*y - 9. Let h(f) = 11*f + 58. Let p be h(-4). What is r(p)?
-9
Let y(u) be the third derivative of u**4/24 - 7*u**3/6 + 3*u**2. Let h = 5230 - 5223. Calculate y(h).
0
Let k(v) = -24*v - 1 - 15 - v**3 + 24*v + 10 - 6*v**2. Determine k(-6).
-6
Suppose -7*i + 12 = -5*i. Let j = -9 + i. Let d(k) be the second derivative of -k**5/20 - k**4/12 + k**3/2 - k**2 - k. Give d(j).
7
Suppose 74 = -3*h + 5*p - 31, 49 = -h - 3*p. Let k = 37 + h. Let r(g) = 5*g + 4. Determine r(k).
-11
Suppose 0 = -4*d + 16, -2*d - 101 = -5*u + 746. Suppose 178 = s + u. Let c(j) = j**2 - 10*j + 2. What is c(s)?
-19
Let d(f) = 2*f**2 + 9*f + 1. Let s(w) = 3*w**2 + 15*w + 10*w + 1 - 11*w. Let b(k) = 7*d(k) - 5*s(k). Calculate b(-6).
8
Let w(p) = -3*p + 5*p - 3 - 2 + 2 - p. Suppose -3*z + 0 = 9. Calculate w(z).
-6
Let w = -30 - -24. Let n be (0 - w) + (-2 - 1). Let k(y) = 3*y. What is k(n)?
9
Let n(u) = -86*u**2 - 46*u - 1. Let a(r) = 30*r**2 + 16*r. Let b(w) = -17*a(w) - 6*n(w). Determine b(-3).
48
Let i = -1 - -3. Let p(f) = -6*f + 4 - f**2 - f**2 + 3*f**i. Suppose 232*s + 40 = 240*s. Calculate p(s).
-1
Suppose i - k + 1 = 0, -4*i = -4*k + 2*k + 6. Let w be (-3 + 2 + -2 - -3) + i. Let c(m) = 4*m**2 - 2. Determine c(w).
14
Suppose y - 2*c = 4, 5*c + 23 = 40*y - 44*y. Let t(v) = -3*v**2 - 3*v. What is t(y)?
-6
Suppose -12*m + 49 - 13 = 0. Let x(w) = -w**3 + 3*w**2 - 3*w + 7. Determine x(m).
-2
Let b(z) = z**2 + 1. Let v be b(2). Suppose 7 = -v*m - 3. Let o(k) = -k**2 + 3*k + 2. What is o(m)?
-8
Let n(j) be the first derivative of j**4/4 - 10*j**3/3 + 9*j**2/2 + j - 76. Determine n(9).
1
Let s = 7 + -4. Let r(x) = x**2 - 2*x. Determine r(s).
3
Let j(g) = -2*g**2 - g + 4. Suppose 28*w + 94 = 38. What is j(w)?
-2
Let l(d) = -3*d**2 + 15*d + 10. Let o(z) = z**2 - 8*z - 6. Let h(n) = 3*l(n) + 7*o(n). What is h(-4)?
0
Let s(w) = -w**2 - 31*w - 14. Let u be s(-30). Suppose 2*t + 4*d = 2 - 6, 3*t = -d - u. Let f(i) = i + 1 + 1 + 0*i. Calculate f(t).
-4
Let b(l) = l + 7. Suppose -2*v = -3*h + 38, -4*v = 4*h - 8 - 36. Let q = 12 - h. Suppose 0 = 4*g - 4*a - 4, -3*g + q = -4*a - 7. Give b(g).
4
Let l be 1/(-3)*9/(-3). Suppose -2*b - l + 3 = 0. Suppose -4*f + 5 - b = 0. Let k(x) = -2*x - 1. Calculate k(f).
-3
Let p be 5 - 0*(-2 - (3 - 6)). Let m(a) = a**2 - 3*a + 1. Determine m(p).
11
Let o(r) = 6*r**3 - 8*r**2 - 3*r. Let u(d) = 5*d**3 - 7*d**2 - 3*d. Let f(w) = -4*o(w) + 5*u(w). Give f(3).
-9
Let v(p) = -3*p**2 + 13*p + 4. Let w(j) = j**2 - 3*j - 1. Suppose 0 = 10*f - 42 + 132. Let c(d) = f*w(d) - 2*v(d). What is c(2)?
-9
Let j = 11 + -3. Let x(g) = g**2 - 6*g - 8. Let b be x(j). Let k(p) = -7 - 3*p - 2*p + b. What is k(-1)?
6
Let z(k) = k**2 + 6*k - 6. Suppose -411*p = -408*p + 18. Give z(p).
-6
Let w(f) = 18*f - 268. Let n(c) = -4*c + 54. Let v(m) = 28*n(m) + 6*w(m). Determine v(-23).
-4
Let k(v) = -2*v**3 + 4*v + 3. Suppose a - 2 = 7. Suppose -a = -4*i + 11. Suppose -15 = i*x, 6*x = 2*h + x - 11. Calculate k(h).
11
Suppose 0 = 28*c - 26*c - 10. Let l(j) = 2*j**2 - 10*j. Let n be l(c). Let i(m) be the third derivative of m**5/60 - m**4/24 - m**3 + 2*m**2. What is i(n)?
-6
Let q = 2 - 0. Let m(a) = a - 1. Let f(o) = -3*o**2 - 5*o + 4. Let v(g) = -f(g) - 4*m(g). Determine v(q).
14
Let j(z) = z**3 + 3*z**2 + 3*z + 8. Suppose 6*w = 17*w + 44. Calculate j(w).
-20
Let h(b) = 2*b + 3. Let z(o) = -10*o - 16. Let l(f) = -f + 2. Let q be l(0). Suppose -2*x + 3*x = 0, r - 6 = q*x. Let s(y) = r*z(y) + 33*h(y). Give s(-3).
-15
Let r(c) = c. Let y(t) be the first derivative of 9*t**2/2 - t + 7. Let o(w) = 4*r(w) - y(w). Determine o(3).
-14
Let x(y) = y + 3. Let b(o) = 24*o - 1. Let s be b(-1). Let p = -27 - s. Calculate x(p).
1
Let o be 4/((-16)/(-24) - 30/(-9)). Suppose 2*v + 2*k = 10, 2*v + 5*k = 4*v - 38. Let j(d) = 14*d + v - 11 + 1. Determine j(o).
13
Let s = 17 - -40. Let k = s + -54. Let i(n) = -2*n**2 + 2*n + 4. Calculate i(k).
-8
Suppose 8 = t + 3. Suppose -t - 8 = -h. Let x = h - 17. Let r(v) = -v - 5. Give r(x).
-1
Let x(u) be the second derivative of 3*u + 2/3*u**3 - 1/12*u**4 + 0*u**2 + 0. Give x(4).
0
Let x(b) be the third derivative of b**5/60 + b**4/12 - b**2. Let q = 390 + -387. What is x(q)?
15
Suppose 7*p + 50 = 17*p. Let s(h) = h**2 - 3*h - 5. Determine s(p).
5
Let z(p) = -6*p**2 + p. Let k(o) = -6*o**2 + o. Let d(r) = -7*k(r) + 6*z(r). Calculate d(-1).
7
Let h(q) = q**2 + 7*q - 3. Let p = 501 + -511. What is h(p)?
27
Let v(a) = 2265*a**3 - 3*a - 2264*a**3 - 2*a**2 + 3*a - 12 + 16. Calculate v(2).
4
Let f(o) be the second derivative of 11*o**3/6 - 2*o**2 - 18*o - 4. Determine f(-4).
-48
Let i be (-138)/(-30) - (2 + (-12)/5). Let q = 2 - -3. Let o(p) = -4 + 2*p - q*p + p + 3*p. Determine o(i).
1
Let m = -503 + 504. Let o(p) = 2*p**2 - p + 5. Let v(w) = 2*w**2 - w + 6. Let f(u) = -5*o(u) + 4*v(u). What is f(m)?
-2
Let p(w) = -3*w - 10. Suppose 0 = -2*j + g + 4*g - 28, -3*j + 3*g = 24. Calculate p(j).
2
Let a(m) = -6 + 15*m + 0 + 4 - 1 - 11*m. Let p = 1 - -1. Determine a(p).
5
Suppose 9*r - 35 - 10 = 0. Let q(f) = -f**3 + 5*f**2 - f + 6. What is q(r)?
1
Let i(x) = x**2 + 23*x - 79. Let u be i(-26). Let m be (-9)/(-6)*(-4)/(-3). Let t(d) = 2*d**m + 5 + 2*d - 4 + 0*d. Calculate t(u).
1
Let i be (-2)/(-3) - (-155)/465. Let x(z) = -3*z**2 + 3*z - 2. What is x(i)?
-2
Let f(k) be the third derivative of 11*k**4/24 + k**2 - 5. Let w(x) = -x + 1. Let n(d) = -2*d + 2. Let j(i) = 6*n(i) - 11*w(i). Let s be j(0). What is f(s)?
11
Let s be 777/28 + -12 - 2/(-8). Let o(q) = q - 17. Calculate o(s).
-1
Let c = 111 - 96. Let s(i) = -c + 10*i - 8*i - i. What is s(8)?
-7
Let n(o) = -5*o. Let p(y) = -5*y - 12. Let u be p(-3). Suppose -5*v + 1 = 2*i, -v - 9 = u*i - 4*v. Calculate n(i).
10
Suppose -2*j = 4*o + 8, -21 = 4*j - 4*o + 7. Suppose 5*x + 4 = 54. Let z(b) = 10*b - x*b + b + 4. Calculate z(j).
-2
Let i(q) = -6*q + 20. Let c(y) = 5*y - 14. Let o(l) = 7*c(l) + 6*i(l). Give o(8).
14
Let r(y) be the third derivative of y**5/60 - 3*y**4/8 - 4*y**3/3 - 8*y**2 - 2*y. Calculate r(9).
-8
Let u(n) = n - 2. Let g = 267 - 153. Let q(j) = -j**2 - 14*j + 6. Let t be q(-14). Let k be t/(-27) + g/27. Determine u(k).
2
Suppose 8*t = -4*t + 108. Let v(p) = p - 13. What is v(t)?
-4
Let d(r) = -r**3 + 10*r**2 + 3. Suppose -49 = -4*t - 3*x, -2*t - 2*x + 9 + 17 = 0. Give d(t).
3
Let r(x) = 5*x + x**2 - 5 - 3*x